 - l = 7*a. Suppose -w = -3*w + z + 343, -a = 4*z. What are the prime factors of w?
2, 5, 17
Suppose -4*t + 7284 = -8*y + 12*y, 0 = -3*y + t + 5467. Suppose 3*c + 5*h + y = 5390, 0 = -c + 5*h + 1176. What are the prime factors of c?
2, 593
Let t(r) = 0*r + 8*r**2 + r + 2 - 4*r - 3*r. Let h be t(4). Suppose h - 506 = -2*g. What are the prime factors of g?
2, 5
Let s = 62 - 64. Let y(q) = -238*q - 2. List the prime factors of y(s).
2, 3, 79
Suppose -204757 - 216913 = -10*g - 5*k, 168668 = 4*g + k. What are the prime factors of g?
149, 283
Let g = 862 + 374. Suppose 3*p + g = 2*l, 5023 = 5*l + p + 1916. List the prime factors of l.
3, 23
Let s be (1/1)/(-2 - 6 - -9). What are the prime factors of (s + -685)*(75 - 76)?
2, 3, 19
Let c(m) = -2*m**2 + 5*m + 14. Let i(o) = -5*o**2 + 10*o + 29. Let h(d) = 7*c(d) - 3*i(d). Let q = -2 + -3. What are the prime factors of h(q)?
11
Let c(g) = 1412*g**2 - 38*g - 184. What are the prime factors of c(-6)?
2, 7, 23, 79
Suppose -21*r + 60 = -9*r. Suppose -r*j - 3*k + 1090 = 0, 9*k - 13*k + 20 = 0. List the prime factors of j.
5, 43
Suppose 3*a = -3, 2*n + a - 1 = -6. Let k be 167 + (3 + n - -3) - 4. Suppose -k*z = -163*z - 688. What are the prime factors of z?
2, 43
Suppose -155*v + 139964 + 11000 + 419591 = 0. List the prime factors of v.
3, 409
Suppose -426609 = -5*d + 3*w, 2*w - 29264 - 141354 = -2*d. What are the prime factors of d?
3, 28439
Suppose -4*b + 5*l + 135305 = -4562, -2*b = 2*l - 69974. What are the prime factors of b?
2, 17489
Let g(n) = n**2 + 11*n - 33. Let f be g(-13). Let u(b) = 7*b**2 + 29*b - 9. What are the prime factors of u(f)?
131
Let k = 7 - 19. Suppose -75 + 63 = -2*v. List the prime factors of v/(-4) + (-3)/k*682.
13
Let w = 125 + -1053. Let i = -591 - w. List the prime factors of i.
337
Let l(o) = 2599*o**2 - 9. What are the prime factors of l(2)?
13, 17, 47
Let c(s) = -s**2 + s - 1. Let u(k) = -5*k**2 - 3*k + 7 + 2*k + 5 - 3. Let m(v) = -4*c(v) - u(v). List the prime factors of m(-4).
151
Suppose a + 1 = -2*w + 4, -3*a = -2*w - 9. Suppose -10*q + a*q = -3598. List the prime factors of q.
2, 257
Suppose 11*j - 792 = 17*j. List the prime factors of ((-379)/3)/(44/j).
379
Suppose -2*f + 20345 = 3*q, -q - 97 = -92. List the prime factors of f.
2, 5, 509
Suppose 2*l = -3*c + 79959, -4*l = 4367*c - 4366*c - 26663. What are the prime factors of c?
29, 919
Let c = -7640 - -11197. List the prime factors of c.
3557
Suppose 0 = -t + 2*u + 187, 95*t + 5*u = 100*t - 910. What are the prime factors of t?
3, 59
List the prime factors of ((-812394)/110 - -2)*-5.
19, 29, 67
Let l(k) = k - 6 - 2 - 3 - 296*k**3 + 281*k**3. List the prime factors of l(-4).
3, 5, 7
Let d = -3295 - -3298. Suppose -4*x + 3*y = -15, 2*y + 10 = 3*x + y. Suppose 6 = d*f + x*b - 447, 4*b + 296 = 2*f. What are the prime factors of f?
2, 3, 5
Suppose 25*i - 31416 = -21*i + 40*i. List the prime factors of i.
2, 7, 11, 17
Let m = -249 + -206. Let n = -65 - m. What are the prime factors of n?
2, 3, 5, 13
Let t(m) = 2*m**3 - 55*m**2 + 190*m + 145. List the prime factors of t(34).
3, 7211
What are the prime factors of 12 + 11 + -26 - -5150?
5147
Suppose -2*v + 312 = -5*r, -176 = 3*r + 31*v - 35*v. List the prime factors of -5*((-24)/r + (-759)/40).
3, 31
Let q(x) = -16*x + 834. What are the prime factors of q(-8)?
2, 13, 37
Let k be 8330/63 - 4/18. Let i be 240/k + (-2)/(-11). What are the prime factors of ((-6)/i)/((-36)/768)?
2
List the prime factors of 5924086/105 + -5 - 3/(90/(-4)).
3, 5, 3761
Let a = 36 + -21. Suppose 12*t + 390 = a*t. List the prime factors of t.
2, 5, 13
Let n = 14580 - 10340. What are the prime factors of n?
2, 5, 53
Suppose x + 11*k = 6*k + 12613, -50502 = -4*x + 5*k. What are the prime factors of x?
13, 971
Suppose 34*f = 10*f + 19464. Let y = f - 394. What are the prime factors of y?
3, 139
Suppose 3*j - 53 = -2*m + 7*m, -5*m - 85 = -5*j. Let z(f) be the second derivative of f**3/2 + 9*f**2/2 - f. What are the prime factors of z(j)?
3, 19
Let c = 19 + -10. Suppose 10*y = c*y + 3. Suppose y*d - 144 = 318. List the prime factors of d.
2, 7, 11
Let j(a) = 259*a**2 - 4*a + 3. Let o be j(1). Suppose 2*s - 3*s = -o. Suppose -78*h = -75*h - s. List the prime factors of h.
2, 43
Let b(q) = -q**2 - 11*q + 993. Suppose 5*r - 2*f = 3*r, -4*r - 2*f = 0. List the prime factors of b(r).
3, 331
Let l = 16820 - 10775. What are the prime factors of l?
3, 5, 13, 31
Let u = -86 + 95. Suppose 0 = -9*z - u*z - 72. List the prime factors of 224 - -1 - ((3 - -2) + z).
2, 7
Let s(d) = 5*d**3 + 8*d**2 - 35*d + 84. What are the prime factors of s(5)?
2, 367
Let n = -40 - -62. Let f(k) = 3*k + 50. Let h be f(n). Suppose -49 = -5*r + h. List the prime factors of r.
3, 11
Let h(p) = 129*p - 141*p + 11*p**2 - 6*p**2 - 16. Let c = -109 + 103. What are the prime factors of h(c)?
2, 59
Suppose 2*v + 4 = 0, v - 21 = -m + 5*v. Let t(i) = i**2 + 7*i + 11. List the prime factors of t(m).
271
Let t be ((-28)/(-6))/(52/12 - 5). Let q be 47*(2/t + (-153)/(-21)). Suppose -4*l + q = -31. List the prime factors of l.
2, 3, 5
Let c = -1211 + 1209. Let k(a) = a + 1323. Let h be k(0). What are the prime factors of (c - 27/(-15)) + h/15?
2, 11
Suppose -9 = 4*p - 17. Suppose -2*j - 900 = -2*q + p*j, -3*q - 4*j = -1370. What are the prime factors of q?
2, 227
Suppose -25*v + 4992 = -22*v. List the prime factors of v.
2, 13
Let m(o) = -o**2 - 10*o + 12. Let q(h) = 5*h**2 + 15*h - 49 + 4*h + 10*h + 12*h. Let w(p) = -9*m(p) - 2*q(p). What are the prime factors of w(5)?
5
Let l = -780 + 1175. Let n = -79 + l. What are the prime factors of n?
2, 79
Let v = -13797 - -35357. What are the prime factors of v?
2, 5, 7, 11
Let z = -31399 - -47885. What are the prime factors of z?
2, 8243
Let d(n) = n**2 - 2*n + 1. Let u(i) = -i**3 - 10*i**2 + 14*i - 14. Let y(h) = 2*d(h) + u(h). List the prime factors of y(-13).
19, 37
Let k(f) = 812*f + 1619. What are the prime factors of k(10)?
9739
Suppose -95328 = -2*p - 15*o + 14*o, -143001 = -3*p + 3*o. List the prime factors of p.
5, 9533
Suppose -29*d - 185069 + 1050969 = 41*d. List the prime factors of d.
2, 5, 1237
Let s = 93 + -60. Let i = 115 - s. Suppose -3*k = p - 237, -2*k + 59 = -5*p - i. What are the prime factors of k?
2, 3, 13
Suppose -3*w - 4*x + 632 = 0, 5*w - x = -0*x + 1084. Suppose 221*r - 5265 = w*r. List the prime factors of r.
3, 13
Let k = 5951 + 11915. List the prime factors of k.
2, 8933
Suppose -3*b = -4*p + 9950, -12451 = 30*p - 35*p - 3*b. Suppose 4*x = -5*m + p, -574 = -2*x + m + 681. List the prime factors of x.
2, 313
Suppose 2*n - 45 = -13*n. Suppose -3*m = n*t - 42, 4*m = -0*t + 4*t - 96. Suppose -t - 29 = -2*x. List the prime factors of x.
2, 3
Let y = 1729 - 1685. List the prime factors of y.
2, 11
What are the prime factors of (-1028)/3*(-12 + -3)?
2, 5, 257
Let r(a) = -a + 9. Let i be r(7). Suppose -i*h = 5*h - 11081. What are the prime factors of h?
1583
Let d be (10/(-3))/((-3)/(-36)). Suppose j - 6 = -4*i + 3, -5*j = i - 7. List the prime factors of (-5050)/d + j/(-4).
2, 3, 7
List the prime factors of 78353 + -5 + 10/(4*11/(-22)).
157, 499
Let q(m) = m**3 - m**2 + 2*m + 172. Let a be -1*(-1 + -1 + -5). Suppose a*y - 13 + 13 = 0. What are the prime factors of q(y)?
2, 43
Let z(y) = y**2 + 8*y + 8. Let t be z(-7). Let u be (t/(-3))/(5/(-74 + -1)). Let v(m) = 3*m**2 + 5*m + 5. List the prime factors of v(u).
3, 5, 7
Let g(v) = -v**3 - 6*v**2 - 13*v - 1. Let r be g(-3). Suppose -2489 = -r*o + 7103. Suppose 0 = -11*b + 3666 - o. What are the prime factors of b?
2, 127
Suppose -4*n + 8*y - 108779 = -9*n, -2*y = 4*n - 87010. What are the prime factors of n?
21751
Let u(v) = 126*v - 5. Let k = -164 - -167. List the prime factors of u(k).
373
Let j(d) = -d**3 - 13*d**2 - 13*d + 12. Let q be j(-9). Let z = q - -543. What are the prime factors of z?
2, 3, 29
Let d be (12/32*-22)/((-30)/40). List the prime factors of 1/2 + (-17045)/(-10) + d.
2, 3, 11, 13
Suppose 0 = 2*f - 3*f + 6. Let y be 168/(-36)*f/4. Let o(x) = -16*x - 24. List the prime factors of o(y).
2, 11
Suppose 0*g - 92 = -4*g. Suppose -5*r = -g - 2. Suppose r*x - 206 = 4*q, -5*q - 2 - 35 = -x. What are the prime factors of x?
2, 3, 7
Let f(t) = t**3 + 5*t**2 - 12*t - 31. Let m be f(-6). Suppose -m*b - 861 + 3041 = 0. Suppose 28 